- 7 = 2*a + 4*z. Let y be 2 + -5 + (-45)/a. Let t be (-27)/(-5) - y/30. Let n(d) = -d + 3. Calculate n(t).
-2
Let c be (-165)/210*-14 + -3 + 0. Let t(q) be the second derivative of q**5/20 - 2*q**4/3 + q**3/3 - 2*q**2 - q. Calculate t(c).
12
Let b(t) = -t**2 - 3*t + 2. Let w = -24 - -21. Let o(y) = -y**3 - 4*y**2 - 3*y - 3. Let h be o(w). Determine b(h).
2
Let t(d) = 3*d**2 + 5*d + 3. Let n(u) = 2*u + 1. Let f(y) = -2*n(y) + t(y). Give f(2).
15
Let n(p) = p**2 + 2*p - 3. Let s be n(2). Suppose i - 2 = -s. Let b(k) = -5*k**2 + 3*k**2 + 5*k - 9*k - 3. Determine b(i).
-9
Let m(x) = x + 17. Let s be m(-7). Let w = 11 + s. Let a be 14/(-4)*(-12)/w. Let v(d) = -d + 4. Determine v(a).
2
Suppose -8*y - 39 = -23. Let h(i) = -i + 4. Give h(y).
6
Let f(g) = -4*g + 1. Suppose -5*c = 48 - 103. Suppose 10*t + 2 = c*t. Calculate f(t).
-7
Suppose -5*q - 5*h = -0*h + 5, 2*h = 5*q - 16. Let c(b) = b**3 - 2*b**2 - 2*b**3 + 0*b**3 + 0*b**3 - q. Determine c(-2).
-2
Let x(g) = -6*g - 4. Suppose 5*v - 509*m + 11 = -512*m, 0 = 2*v - m + 11. Calculate x(v).
20
Let k(r) be the second derivative of r**4/12 + 3*r**3/2 + 7*r**2 - 519*r. Determine k(-9).
14
Let j = -9 + 13. Let p(t) = j + 2*t - 4*t - 11. Let w = -10 - -5. What is p(w)?
3
Let x(p) = p + 8. Let h be x(-6). Let n(z) = 57*z + 43*z - 98*z. What is n(h)?
4
Let w(m) = -m + 7. Let t be (5 - (3 - -1)) + 128. Let n be t/(-27) + (-2)/9. Calculate w(n).
12
Let s be 2/(-3)*(10 - 1). Let p(j) = -9 - 87*j**2 + 44*j**2 - 4*j + 42*j**2. Determine p(s).
-21
Let a(g) = g**2 + 5*g + 1. Suppose 4 + 11 = 5*f. Suppose 7 = -f*j - 8. What is a(j)?
1
Suppose -z - 2*z - 2*w = -12, 5*z + w - 13 = 0. Let u(p) = 9*p**2 + 3*p**2 - p + 1 - z*p**2. Let a = 31 + -30. Determine u(a).
10
Let t(p) = 4*p - 26. Let j be 2/7 - (12 - 1518/77). Calculate t(j).
6
Suppose 31 = 9*g - 32. Let v(m) = -6*m**3 - 19*m**2 - 29*m + 35. Let f(k) = k**3 + 4*k**2 + 6*k - 7. Let b(c) = -11*f(c) - 2*v(c). Calculate b(g).
0
Let n(k) = k**2 + 9*k + 8. Let v = 14 + 21. Suppose 3*f - 8*f = v. Give n(f).
-6
Let q = -3 - 0. Let f(s) be the third derivative of 0 + 6*s**2 + 0*s + 0*s**3 - 1/120*s**6 - 1/15*s**5 - 1/6*s**4. What is f(q)?
3
Suppose 11*l - 14*l - 2 = -2*n, 5*n + l - 22 = 0. Let d(m) = 2*m**2 - 6*m + 6. Calculate d(n).
14
Let f(s) be the first derivative of -s**3/3 - 5*s**2/2 - s + 137. Suppose -5*j = 4*o + 11 + 8, 5*j + 39 = o. Determine f(j).
-15
Let c(x) be the third derivative of x**6/120 + x**4/12 + 2*x**3/3 + 25*x**2. Give c(0).
4
Let u(w) be the third derivative of -w**7/1260 - w**6/240 + 17*w**5/60 + 37*w**2. Let f(s) be the third derivative of u(s). Give f(4).
-19
Let d be (40/(-16) + 2)/(3/18). Let j(b) = b**3 + 3*b**2 - 3*b + 2. What is j(d)?
11
Let u(p) be the third derivative of -p**6/120 - p**5/15 - p**4/8 - p**3 + p**2 - 3. Give u(-4).
6
Let y(c) = -17*c - 13. Let w(i) = 9*i + 7. Let a(p) = 11*w(p) + 6*y(p). Suppose -102*s + 71 = 275. Determine a(s).
5
Suppose 3*r - 1 = 8. Let z(q) = q + 5. Let a(d) = -2. Let w(h) = -7*a(h) - 3*z(h). Determine w(r).
-10
Let z(f) = -f**2 - 8*f + 1. Suppose 3*w + 4 = 1. Let u(q) = 2*q - 9. Let l be u(6). Let x be w*(12 + -2 - l). Give z(x).
8
Let i(k) = -k**2 - k - 1. Let y(d) = 3*d**2 + 2*d + 3. Let m(x) = 5*i(x) + 2*y(x). Let u(p) = -3 - 4 - 4*p**2 + 11*p + 4. Let v(h) = 5*m(h) + u(h). Give v(-4).
-6
Let j(b) = -2*b + 9. Suppose 0*v - 3*v + 24 = 0. Let y = v - 4. Suppose -3*o + y*c + 21 = 2*c, -5*o = -4*c - 35. Determine j(o).
-5
Let h(k) = -k**3 + 9*k**2 - 14*k - 17. Let n be h(5). Let c(w) = w. Give c(n).
13
Let z be 65/15 + 2 + (-21)/9. Let k be 27/21 - (150/35 - z). Let a(q) = q**3 - q. What is a(k)?
0
Let d(b) = -4*b - 79. Let r be d(-18). Let g(o) = o + 5. What is g(r)?
-2
Let y(t) = 3*t**3 + 3*t**2 + t + 1. Let z(c) = -4*c**3 - 3*c**2 - c. Let m(h) = 5*y(h) + 4*z(h). Suppose -6*l - 20 = -3*a - 2*l, 3*a - 2*l = 16. Determine m(a).
-7
Let s(m) be the third derivative of m**7/840 - m**6/360 - m**5/120 + 5*m**4/24 - 7*m**3/6 + 8*m**2. Let g(h) be the first derivative of s(h). Determine g(0).
5
Suppose -267*q + 256*q + 55 = 0. Let d(t) = -t**2 + 4*t + 14. What is d(q)?
9
Let b(q) be the first derivative of -3*q**2 + q - 1. Suppose 3 + 15 = 3*j - 5*c, -5*j + 4*c = -17. Let i = j + -2. What is b(i)?
7
Suppose -34*d - 273 = 5*d. Let h(k) = k**3 + 7*k**2 + k - 5. Give h(d).
-12
Let u(x) = -x**2 - 13*x - 484 + 244 + 249. Give u(-8).
49
Let h(x) = 11*x + 4. Let u(b) = -5*b - 2. Let g(m) = 4*h(m) + 9*u(m). Suppose 5*w - 28 = o, -5*o - 8 = w + 2. Give g(o).
1
Let p be (8/(-14))/(23/161). Let h(x) be the second derivative of 2*x**2 + 0 - 1/3*x**4 - 1/20*x**5 - 2*x + 1/3*x**3. Give h(p).
-4
Let f(t) = -11*t + 37*t - 17*t - t**2. Calculate f(9).
0
Let h(v) = v + 10. Suppose -822*m - 15 = -819*m. Give h(m).
5
Let g = 180 - 186. Let i(q) = -q**2 - 2*q - 9. Calculate i(g).
-33
Let p(g) = -g**2 - 7*g - 21. Let f be p(-8). Suppose -4*d - 36 = -3*d. Let z = f - d. Let j(y) = -y + 11. What is j(z)?
4
Suppose 3*f + 0*f = 2*m - 7, 2*f = 3*m - 8. Let d = 1 + 2. Let r(k) = 2*k - 1 - d*k + 4*k**3 - 2*k + 2*k. What is r(f)?
-4
Let n(s) = -8*s**2 - 10*s + 13. Let u(w) = 5*w**2 + 4*w - 7. Let z(p) = 3*n(p) + 5*u(p). What is z(8)?
-12
Let w(u) = -u**2 + 7*u. Suppose -22*f + 48 = -16*f. Calculate w(f).
-8
Let u(y) be the first derivative of y**4/12 - 4*y**3/3 - y**2 + 17*y - 8. Let i(o) be the first derivative of u(o). What is i(6)?
-14
Let q(u) = -2*u**2 - 6*u + 7. Let n(c) = 3*c**2 + 13*c - 17. Let a(r) = 4*n(r) + 7*q(r). Give a(3).
-7
Let h(v) = 4*v**2 - 1 + 7*v**2 - 15 - 12*v**2 + 2 + 8*v. What is h(6)?
-2
Let j = 58 + -57. Let f(w) = -j + 4 + 2*w - w**2 + 0*w. Calculate f(-3).
-12
Let c(z) = 5*z**3 - 6*z**2 + 1. Let r(l) = -11*l**3 + 14*l**2 - 2. Let h(f) = -7*c(f) - 3*r(f). What is h(1)?
-3
Let w(h) = h**3 + 12*h**2 + 10*h - 6. Suppose -2*c + 27 = 49. Give w(c).
5
Let j = 14 + -10. Let o(m) = -2*m**2 + 2. Let h(c) = -3*c**2 - c + 2. Let b(q) = -3*h(q) + 5*o(q). Give b(j).
0
Let f(t) = t**3 + 9*t**2 - t + 9. Let j be 3 + 6*((-8 - -4) + 2). Calculate f(j).
18
Let v(h) = -h**3 + 5*h**2 - 3*h + 2. Let g be v(2). Let f(p) = 7*p**3 - 7*p**2 - 7*p + 3. Let z(j) = j**3 + 1. Let n(d) = f(d) - 6*z(d). What is n(g)?
5
Suppose -6 = -2*w - 2*a, -2*a = 2*w - 3*w - 6. Let s(v) = -4*v + 5 + 0*v - v**2 + w*v**2. Let t = 54 + -60. What is s(t)?
-7
Suppose -l + 489 = 492. Let w(y) = y + 5 + 0 - 2*y**2 - 1 - 3*y. Calculate w(l).
-8
Let u(w) = w**3 - 4*w**2 + 2*w - 2. Let o(s) = -s**2 - 6*s + 3. Let p = 23 + -11. Let a be 2/p*3*-12. Let k be o(a). What is u(k)?
-5
Let y(w) be the second derivative of -w**3/6 - 2*w**2 - 3801*w. Suppose -1 = u - 4. What is y(u)?
-7
Let t(f) = -9*f**2 + 2*f + 1. Let u(a) = -a - 19. Suppose 3*y + 4*n - 73 = 0, -3*n + 88 = 4*y - 7*n. Suppose 31 = -3*k - y. Let c be u(k). Give t(c).
-10
Let k(q) be the first derivative of q**3/3 + 2*q**2 - 4*q - 66. Let s be (-8)/(-12) + 26/6. Suppose -2*a - 34 = 2*a - s*h, 5*a - h + 32 = 0. Give k(a).
8
Let r(n) = -2*n**3 + 25*n**2 - 14*n + 17. Suppose 60*o - 55*o = 60. Let y be r(o). Let b(g) = 2*g + 2 + 1 + 7. Determine b(y).
-4
Let b(a) = -a**2 + 13*a - 7. Suppose -4*t = 3*t - 98. Let l be b(t). Let x = -26 - l. Let q(y) = -y**2 - 4*y - 3. Calculate q(x).
-8
Let v be (-399)/(-35) - 6/15. Let b(q) = -4*q + 4 - 10*q - v*q + 24*q. Give b(6).
-2
Let s = -55 + 62. Let z(y) = -y**3 + 5*y**2 + 10*y - 2. What is z(s)?
-30
Let z = 64 + -62. Let l(g) = -90*g - 8 - 97*g + 0 + 194*g - g**z. Calculate l(6).
-2
Let n(f) = -7*f**3 + 13*f**2 - 6*f - 21. Let v(j) = 12*j**3 - 25*j**2 + 11*j + 40. Let m(u) = -7*n(u) - 4*v(u). Determine m(-9).
5
Let f be (-7)/4 + 5/(-20). Let g(c) = -c - 2. Let r be g(f). Let a(k) be the second derivative of -k**3/6 - 3*k**2 + 6*k. Determine a(r).
-6
Let f(u) = -u**2 + 11*u - 22. Suppose 213*z - 209*z - 16 = 0. Determine f(z).
6
Let y(g) = g**3 + 6*g**2 - 10*g - 8. Let p be (62/4 - 16)/((-1)/(-14)). What is y(p)?
13
Let x(j) = 7*j + 3. Let m(q) = -2*q**3 - 80*q**2 - 3*q - 118. Let n be m(-40). Determine x(n).
17
Let f(v) be the second derivative of 12*v - v**2 + 0 + 1/3*v**3. What is f(2)?
2
Let f(r) = -3*r - 3. Suppose 7*j = 15*j + 16. Determine f(j).
3
Let r be (-238)/51*(-6)/4. Suppose -4*m + 9 = -r*m. Let q(f) = f**2 + 3*f + 1. What is q(m)?
1
Let t be 1/2*(3/(-